ommon factor of 29028 and 21240.
708
Calculate the highest common factor of 45 and 946200.
15
What is the greatest common factor of 1388745 and 10795?
635
Calculate the highest common factor of 42 and 40047.
21
What is the highest common divisor of 1645 and 237115?
235
What is the highest common factor of 8 and 58232?
8
Calculate the greatest common factor of 1143369 and 27.
27
Calculate the highest common factor of 11235 and 3255.
105
Calculate the highest common factor of 247560 and 150.
30
What is the highest common divisor of 35139 and 26?
13
What is the greatest common factor of 1570 and 1727314?
314
What is the highest common divisor of 1267071 and 16536?
2067
What is the greatest common factor of 203 and 778099?
203
Calculate the greatest common factor of 7616 and 23086.
238
Calculate the highest common factor of 1037 and 18275.
17
Calculate the greatest common divisor of 154 and 4144.
14
What is the highest common divisor of 658 and 374966?
94
Calculate the greatest common divisor of 16473 and 95370.
867
What is the highest common divisor of 10043 and 747?
83
Calculate the highest common factor of 74508 and 315.
21
Calculate the greatest common factor of 3 and 96087.
3
What is the greatest common factor of 205 and 3157?
41
Calculate the greatest common factor of 11104 and 36.
4
Calculate the greatest common divisor of 38001 and 19359.
717
Calculate the highest common divisor of 2359341 and 9.
9
Calculate the highest common divisor of 323 and 24016.
19
What is the highest common factor of 3971 and 2717?
209
Calculate the highest common divisor of 7009 and 2.
1
Calculate the highest common divisor of 47829 and 1926.
321
What is the greatest common divisor of 340 and 114920?
340
Calculate the greatest common divisor of 780 and 390156.
156
Calculate the greatest common factor of 2946976 and 1216.
608
Calculate the greatest common factor of 264705 and 21.
21
Calculate the highest common factor of 5045 and 400.
5
What is the greatest common divisor of 297175 and 50?
25
What is the greatest common factor of 259655 and 583?
11
What is the highest common factor of 25443 and 88?
11
Calculate the greatest common divisor of 102 and 87618.
102
What is the highest common factor of 626 and 332406?
626
Calculate the highest common divisor of 4120 and 4840.
40
Calculate the greatest common divisor of 1515 and 32825.
505
Calculate the highest common divisor of 7406 and 7958.
46
Calculate the highest common divisor of 99928 and 56.
8
What is the highest common factor of 67779 and 19431?
153
Calculate the highest common divisor of 710 and 2698.
142
What is the highest common divisor of 1280515 and 1175?
235
What is the highest common divisor of 325122 and 189?
21
Calculate the highest common factor of 78373 and 362.
181
Calculate the highest common divisor of 4632 and 45.
3
What is the greatest common factor of 558 and 64914?
186
What is the highest common divisor of 4841 and 94?
47
Calculate the highest common factor of 32306 and 1856.
58
What is the highest common divisor of 2 and 5638?
2
What is the greatest common factor of 21690 and 42?
6
What is the highest common factor of 347711 and 91?
91
Calculate the highest common divisor of 14944 and 2336.
32
What is the highest common factor of 15317 and 5883?
53
Calculate the highest common factor of 38298 and 491.
491
What is the greatest common divisor of 54 and 2161701?
27
What is the greatest common factor of 57414 and 42?
42
What is the greatest common factor of 30310 and 3290?
70
What is the greatest common factor of 3626324 and 13?
13
What is the greatest common divisor of 337 and 1?
1
Calculate the highest common divisor of 10430 and 350.
70
What is the greatest common divisor of 2951516 and 388?
388
Calculate the highest common divisor of 970160 and 670.
670
What is the greatest common factor of 48112 and 19012?
388
What is the highest common divisor of 9 and 1601?
1
Calculate the highest common divisor of 747 and 176209.
83
What is the highest common factor of 3914 and 1368?
38
Calculate the greatest common divisor of 987287 and 7.
7
What is the greatest common factor of 484 and 158378?
22
What is the highest common divisor of 16 and 47984?
16
Calculate the highest common divisor of 498134 and 1495.
299
What is the greatest common divisor of 44555 and 1805?
95
What is the highest common divisor of 35816 and 296?
296
Calculate the greatest common factor of 20 and 10668880.
20
What is the greatest common divisor of 730 and 600?
10
What is the greatest common divisor of 8330 and 9555?
245
What is the greatest common divisor of 2656 and 184?
8
Calculate the greatest common divisor of 1457 and 3100.
31
Calculate the highest common factor of 665 and 19810.
35
Calculate the greatest common divisor of 360 and 21480.
120
Calculate the greatest common divisor of 4798323 and 9.
9
What is the greatest common divisor of 17464 and 1534?
118
Calculate the greatest common divisor of 216490 and 10.
10
What is the greatest common divisor of 72816 and 666?
222
Calculate the highest common divisor of 1440 and 8460.
180
What is the highest common divisor of 2983 and 475?
19
What is the highest common divisor of 723393 and 297?
99
What is the highest common divisor of 7445508 and 1359?
453
Calculate the greatest common factor of 329538 and 6.
6
What is the highest common divisor of 25 and 769?
1
What is the highest common divisor of 1272 and 12576?
24
What is the greatest common divisor of 169 and 2860?
13
Calculate the highest common factor of 11088 and 66672.
144
Calculate the greatest common divisor of 925038 and 612.
306
What is the highest common divisor of 2930 and 2119855?
1465
What is the greatest common divisor of 98335 and 63710?
1385
Calculate the greatest common factor of 84 and 78484.
28
Calculate the highest common factor of 296694 and 1060.
106
Calculate the greatest common factor of 147292 and 115.
23
What is the highest common divisor of 56372 and 1632?
68
Calculate the greatest common divisor of 2043 and 1908.
9
Calculate the highest common factor of 44019 and 40077.
657
What is the highest common factor of 378 and 48654?
54
Calculate the greatest common divisor of 24353 and 16117.
71
What is the highest common divisor of 85 and 453390?
85
Calculate the greatest common factor of 2699 and 33.
1
What is the greatest common divisor of 26894 and 381262?
1582
What is the highest common divisor of 1320 and 11960?
40
What is the highest common factor of 1770 and 2149665?
885
Calculate the highest common divisor of 4648 and 329.
7
Calculate the greatest common factor of 18140 and 8.
4
Calculate the greatest common divisor of 833 and 5537.
49
What is the greatest common factor of 2 and 15074?
2
What is the greatest common factor of 425 and 497675?
425
Calculate the greatest common factor of 207459 and 14952.
1869
What is the greatest common factor of 356266 and 106?
106
What is the greatest common divisor of 3425 and 44425?
25
What is the highest common divisor of 6566 and 2144?
134
Calculate the greatest common factor of 14151 and 15423.
159
What is the highest common divisor of 9034 and 20?
2
What is the greatest common factor of 28556 and 15972?
484
Calculate the greatest common factor of 1240915 and 26.
13
Calculate the highest common divisor of 1044 and 95352.
348
Calculate the highest common divisor of 2502 and 164854.
278
Calculate the greatest common factor of 272 and 4182.
34
What is the greatest common factor of 128 and 18344?
8
What is the highest common divisor of 16 and 226312?
8
What is the greatest common factor of 2889 and 1161?
27
What is the highest common divisor of 14490 and 7038?
414
What is the greatest common divisor of 11074 and 42?
14
What is the highest common factor of 227758 and 3464?
866
What is the greatest common factor of 135 and 6130755?
135
What is the highest common divisor of 1183 and 20839?
91
What is the greatest common divisor of 15982 and 13886?
262
What is the highest common factor of 3809 and 793?
13
What is the greatest common divisor of 1155 and 61875?
165
Calculate the greatest common divisor of 3124 and 88.
44
Calculate the highest common factor of 960 and 339960.
120
What is the greatest common divisor of 6006 and 378?
42
What is the greatest common factor of